t p(g) = 2*g**3 + 67*g**2 + 33*g + 55. What is p(-33)?
55
Let o(y) = 184*y + 539. Give o(-3).
-13
Let q(x) = 8*x**2 - 66*x - 135. Give q(-2).
29
Let s(p) = 63*p**2 - 942*p + 15. Give s(15).
60
Let i(f) = 7*f**2 - 133*f + 85. Give i(24).
925
Let u(b) = 4*b**2 - 27*b + 59. Calculate u(14).
465
Let v(n) = -n**2 - 2873*n + 20172. Calculate v(7).
12
Let g(m) = -6*m**3 - 1797*m**2 + 901*m + 304. Determine g(-300).
4
Let c(a) = -8*a**2 - 55*a - 83. Calculate c(-5).
-8
Let l(v) = 2*v**3 + 13*v**2 - 5*v - 10. What is l(-8)?
-162
Let s(i) = -i**3 - 18*i**2 - 23*i - 385. Give s(-18).
29
Let i(v) = 128*v - 957. Give i(7).
-61
Let l(u) = -u + 36. Give l(32).
4
Let a(p) = -p**2 + 124*p - 1307. Give a(12).
37
Let c(v) = -158*v - 1496. Give c(-5).
-706
Let o(j) = -j**3 - 28*j**2 + 93*j + 15. Determine o(-31).
15
Let o(v) = 13*v**2 - 438*v - 125. What is o(34)?
11
Let a(s) = -4*s**2 - 181*s - 181. What is a(-1)?
-4
Let c(o) = 2*o**2 + 20*o - 307. What is c(-19)?
35
Let f(g) = g**3 + 13*g**2 + 70*g + 91. What is f(-2)?
-5
Let v(d) = 2769*d - 19383. Determine v(7).
0
Let u(g) = 3*g**2 + 6*g + 7. Calculate u(-1).
4
Let l(r) = -12*r**2 - 23*r + 55. Determine l(-6).
-239
Let z(o) = -4*o**3 + 26*o**2 + 15*o + 13. Calculate z(7).
20
Let q(b) = 2*b**2 - 8*b + 51. What is q(7)?
93
Let q(g) = -4*g**2 + 219*g + 301. Give q(56).
21
Let d(s) = -s**2 - 140*s - 1075. Give d(-8).
-19
Let o(z) = 2*z**3 - 371*z**2 - 178*z - 1478. Calculate o(186).
10
Let b(a) = -52*a + 479. Calculate b(13).
-197
Let i(m) = -m**3 + m**2 - 4*m - 204. What is i(0)?
-204
Let w(i) = -3*i**3 + 50*i**2 + 174*i + 6. Calculate w(-3).
15
Let p(f) = 5*f**2 + 18*f + 31. What is p(-2)?
15
Let x(u) = -5*u**3 + 3*u**2 - 10*u + 8. Calculate x(1).
-4
Let f(a) = 102*a + 1968. Give f(-20).
-72
Let r(o) = -o**3 - 3*o**2 + 26*o + 12. Give r(-7).
26
Let j(i) = i**2 - 43*i + 126. Give j(37).
-96
Let d(i) = 15*i - 464. Determine d(28).
-44
Let v(s) = s**3 + 11*s**2 + 16*s - 31. Calculate v(-9).
-13
Let y(v) = -3*v**2 + 195*v - 2029. Calculate y(52).
-1
Let g(h) = -h**3 - 84*h**2 + 86*h + 54. What is g(-85)?
-31
Let c(a) = -2*a - 56. Calculate c(28).
-112
Let n(w) = -8*w**3 - 14*w**2 + 202*w - 29. Calculate n(-6).
-17
Let t(r) = 63*r**2 + 2708*r - 48. Calculate t(-43).
-5
Let r(g) = g**3 - 74*g**2 + 44*g + 2112. What is r(73)?
-5
Let x(k) = 12*k**2 + 94*k - 29. What is x(-8)?
-13
Let u(w) = -2*w**3 + 108*w**2 - 1396*w + 316. Give u(33).
-14
Let j(n) = 113*n + 1398. Calculate j(-12).
42
Let a(v) = 3*v**3 + 8*v**2 - 86*v + 123. Give a(3).
18
Let y(w) = -686*w + 11659. Give y(17).
-3
Let i(g) = -g**3 - 5*g**2 - 6*g - 18. Calculate i(-6).
54
Let j(n) = 2*n**2 - 3*n - 41. Calculate j(8).
63
Let t(h) = -h**2 - 108*h + 3020. Determine t(-131).
7
Let g(p) = -p**3 + 4*p**2 + 175*p - 848. What is g(5)?
2
Let l(p) = 3*p**3 + 17*p**2 - 2*p + 11. Calculate l(-6).
-13
Let n(y) = 9*y + 363. Determine n(-26).
129
Let h(v) = -3*v**2 + 113*v - 378. Determine h(34).
-4
Let f(w) = -w**3 + 19*w**2 + 20*w - 15. What is f(20)?
-15
Let x(o) = -74*o - 6365. Give x(-86).
-1
Let d(v) = v**2 + 97*v + 1532. Give d(-18).
110
Let b(m) = -m**2 - 65*m + 427. Calculate b(6).
1
Let l(o) = 383*o**2 - 3444*o - 33. Determine l(9).
-6
Let m(d) = 17*d - 200. What is m(15)?
55
Let v(j) = -j**3 + 17*j**2 - 4*j + 192. What is v(17)?
124
Let q(h) = 17*h**2 - 65*h + 63. Determine q(2).
1
Let x(f) = -f**3 - 226*f**2 - 663*f + 1333. What is x(-223)?
-5
Let r(b) = 14*b - 303. Give r(19).
-37
Let v(s) = s**3 + 39*s**2 - 804*s + 345. Calculate v(-54).
21
Let h(s) = s**2 - 12*s + 9. Calculate h(-7).
142
Let b(p) = -p**2 + 15*p + 426. Calculate b(-15).
-24
Let p(m) = -87*m**3 + 8*m**2 - 6*m. Determine p(1).
-85
Let h(j) = 5*j**2 + 21*j + 69. Determine h(-6).
123
Let k(w) = -4*w**2 - 319*w + 215. Determine k(-81).
-190
Let x(j) = -145*j + 2631. Determine x(18).
21
Let y(o) = -o**3 - 36*o**2 - 106*o - 208. What is y(-33)?
23
Let g(z) = 18*z + 993. What is g(-53)?
39
Let h(x) = -146*x - 882. Give h(-6).
-6
Let p(v) = -6*v**3 + 145*v**2 - 22*v - 43. Give p(24).
5
Let t(u) = -103*u - 1132. Give t(-12).
104
Let d(m) = -5*m**2 + 161*m - 921. Calculate d(6).
-135
Let g(v) = v**2 - 45*v + 111. What is g(42)?
-15
Let i(k) = k**3 - 20*k**2 + 50*k + 7. Determine i(17).
-10
Let j(t) = -13*t - 710. Determine j(-54).
-8
Let y(t) = 186*t + 3777. What is y(-21)?
-129
Let p(j) = -j**3 - 80*j**2 - 166*j + 68. Calculate p(-78).
848
Let v(q) = -325*q - 19186. Determine v(-59).
-11
Let l(s) = -34*s**2 + 313*s - 59. Determine l(9).
4
Let q(w) = w**3 - 2*w**2 - 14*w + 25. What is q(4)?
1
Let b(q) = 2*q**3 - 48*q**2 + 31*q + 294. Calculate b(23).
-51
Let w(z) = -2*z**3 - 2*z**2 - z - 154. Calculate w(0).
-154
Let v(k) = -3*k**2 + 435*k + 14. Give v(0).
14
Let h(v) = 2*v**2 + 13*v - 385. Calculate h(11).
0
Let w(o) = 1590*o - 6366. Give w(4).
-6
Let d(o) = -892*o + 12570. What is d(14)?
82
Let m(t) = -t**2 + 50*t - 462. Determine m(39).
-33
Let o(w) = -60*w - 294. Calculate o(-5).
6
Let t(w) = -3*w**2 + 8*w + 4. What is t(7)?
-87
Let x(b) = -b**3 + 68*b**2 + 138*b + 50. Give x(70).
-90
Let n(t) = -t**2 - 49*t - 307. What is n(-42)?
-13
Let w(r) = 16*r**2 + 276*r - 1259. Determine w(-21).
1
Let p(u) = -68*u + 1490. Determine p(24).
-142
Let t(i) = 587*i - 5286. Give t(9).
-3
Let i(a) = -2*a**3 + 65*a**2 + 29*a + 81. Give i(33).
-51
Let c(w) = -w**2 + 158. Determine c(13).
-11
Let f(x) = -4*x**3 - 34*x**2 - 15*x - 13. Calculate f(-8).
-21
Let s(z) = z**2 + 11*z - 1381. Determine s(35).
229
Let c(a) = 2*a**2 - 34*a - 57. Calculate c(16).
-89
Let d(u) = u**3 + 11*u**2 - 16*u + 40. Give d(-12).
88
Let t(s) = -3*s**2 + 174*s + 353. Calculate t(60).
-7
Let z(r) = -r**2 + 535*r - 4253. Calculate z(8).
-37
Let m(y) = -y**2 - 8990*y + 44974. What is m(5)?
-1
Let b(x) = 20*x + 35. Determine b(-5).
-65
Let b(n) = n**3 - 18*n**2 + 27*n + 63. Give b(16).
-17
Let c(w) = 8*w**2 - 820*w - 2105. Give c(105).
-5
Let k(m) = 11*m**2 - 68*m + 9. Calculate k(6).
-3
Let l(s) = 105*s - 523. Determine l(2).
-313
Let d(v) = -21*v**2 - 94*v + 288. Give d(3).
-183
Let i(l) = -2*l**3 + 3*l**2 - 8*l - 11. Calculate i(-1).
2
Let a(k) = 2*k**2 - 108*k + 1257. Determine a(37).
-1
Let i(p) = 3026*p - 51435. Give i(17).
7
Let g(l) = l**3 + 53*l**2 + 54*l + 125. Give g(-52).
21
Let m(j) = 163*j**2 - 1306*j + 10. Give m(8).
-6
Let x(k) = -36*k**2 - 255*k - 25. Give x(-7).
-4
Let z(l) = l**3 - 45*l**2 - 116*l + 993. What is z(47)?
-41
Let p(c) = -c**2 + 15*c - 55. Give p(6).
-1
Let o(h) = -320*h - 386. Determine o(-1).
-66
Let k(g) = -g**3 + 5*g**2 + 11*g + 81. Give k(-4).
181
Let y(s) = s**3 + 28*s**2 + 48*s - 123. Give y(-26).
-19
Let d(y) = y**3 - 57*y**2 - 1174*y + 189. Calculate d(73).
-249
Let a(g) = g**2 - 34*g + 107. Calculate a(32).
43
Let h(p) = 4*p + 142. Determine h(-29).
26
Let l(y) = -2*y**3 + 12*y**2 - y - 25. Calculate l(6).
-31
Let w(i) = i**3 + 6*i**2 - 370*i - 2263. Give w(-6).
-43
Let f(a) = 577*a - 123469. Determine f(214).
9
Let j(h) = -25*h**2 - 376*h - 2. What is j(-15)?
13
Let v(a) = -8*a**2 - 261*a + 172. What is v(-33)?
73
Let m(s) = -158*s + 1335. What is m(5)?
545
Let u(j) = -5*j**3 - 216*j**2 - 46*j - 160. What is u(-43)?
-31
Let q(v) = -v**2 + 14*v - 204. Determine q(18).
-276
Let s(f) = f**2 + 44*f - 1817. Give s(-70).
3
Let f(h) = h**3 - 11*h**2 + 2*h - 31. What is f(13)?
333
Let i(s) = 196*s - 13919. Calculate i(71).
-3
Let z(s) = -31*s - 489. Give z(-6).
-303
Let r(c) = -2*c**2 - 136*c + 852. Determine r(6).
-36
Let u(w) = -2*w**2 + 247*w - 1283. Determine u(118).
15
Let w(z) = -3*z**3 - 59*z**2 - 130*z + 64. Calculate w(-17).
-38
Let m(n) = -67*n - 2749. What is m(-41)?
-2
Let g(c) = -2*c**2 - 177*c - 1369. What is g(-80)?
-9
Let b(c) = 3*c**2 + 131*c - 416. What is b(3)?
4
Let z(m) = -m**3 - 13*m**2 + 46*m + 40. Calculate z(-16).
72
Let n(v) = 1240*v + 3763. Give n(-3).
43
Let n(a) = -a**3 - 9*a**2 + 69*a + 38. What is n(-14)?
52
Let f(o) = 2*o**2 + 478*o + 1881. What is f(-235)?
1
Let s(i) = -584*i + 2924. Determine s(5).
4
Let r(j) = j**3 + 352*j**2 + 5065*j + 155. Give r(-15).
5
Let i(o) = 41*o + 705. Determine i(-16).
49
Let q(r) = 212*r + 628. Calculate q(-3).
-8
Let k(l) = 12*l**2 - 332*l + 799. Determine k(25).
-1
Let w(k) = -3*k**2 + 159*k - 1718. Determine w(15).
-8
Let t(k) = -5116*